t is the units digit of c?
4
Let s = 8 + -6. Suppose 0 = s*d + 2, 0 = -5*i - d - 3*d + 126. What is the tens digit of i?
2
Let d = 14 + -10. Let q = -2 + d. What is the units digit of q?
2
What is the units digit of (-255)/(-6) - (-2)/8*-2?
2
Let u(m) be the second derivative of m**5/20 - 3*m**4/4 + 11*m**2/2 - 5*m. What is the units digit of u(9)?
1
Let p(z) = 6*z**2 - 14*z + 8. What is the hundreds digit of p(-5)?
2
Suppose -c + 92 = c + 3*q, c = -q + 48. What is the tens digit of c?
5
Let i = 37 - 20. Let t = 30 - i. Let b = t + -5. What is the units digit of b?
8
Suppose -2 = -2*q + 8. What is the units digit of q?
5
Let o(b) = b**3 - b + 80. What is the units digit of o(0)?
0
What is the hundreds digit of 0 - (-5 - 198) - -1?
2
Let f(d) = -d - 2. Let x be f(-2). Let b = x + -4. Let o = b - -7. What is the units digit of o?
3
Suppose 0 = 5*s - 0*s + 105. Let u = 34 + s. What is the tens digit of u?
1
Suppose 119 = 2*p - 261. Suppose -4*y + p = y. Suppose -5*k = -2 - y. What is the units digit of k?
8
What is the units digit of (-11 - -5)*26/(-4)?
9
Suppose -s = -2*s - 4, -2*s + 12 = 4*a. Suppose 0 = -a*x + 3*x + 10. What is the units digit of x?
5
What is the hundreds digit of (34 - 37)/(1 + (-206)/204)?
3
Let w(t) = -3*t + 7. Let i be 5/(-3)*(-1 - -4). What is the tens digit of w(i)?
2
Suppose f = -3*g + 3, 2*f - f = -g + 3. What is the tens digit of g - (-5)/((-20)/(-132))?
3
Suppose -c + 69 = -3*w, c + 0*c = 2*w + 47. Let z = -15 - w. What is the units digit of z?
7
Suppose -c + 219 = -h, -4*c = -6*c - 4*h + 426. What is the units digit of c?
7
Let x(a) = -a**3 + 5*a**2 - 4*a + 2. Let j be x(3). Let l(z) = -z**3 + 8*z**2 - z + 9. What is the units digit of l(j)?
1
Suppose -405 = -2*j - 5*p, 3*j - 3*p - 430 - 167 = 0. What is the units digit of j?
0
Let a(c) = -c**2 - 19*c + 18. Let o be a(-19). Let r = o - 12. What is the units digit of r?
6
Let o(u) be the first derivative of u**3/3 + 4*u**2 - 3*u + 2. Let r be o(-8). Let d = 8 + r. What is the units digit of d?
5
Suppose 5*x + 10 = 0, -4*x + 218 = 3*s - s. What is the units digit of s?
3
Let c be 18/63 - 51/7. Let u = -6 - c. What is the units digit of u?
1
Suppose 4*d - q = q + 70, 0 = d - 4*q - 7. Suppose -m + d = -5*n, -4*m - 2*n + n = -34. What is the units digit of m?
9
Let j = 72 - 39. What is the tens digit of j?
3
Let c be (-5 + -1 - -2)*4. Let k = c + 18. What is the units digit of k?
2
Let q = -5 - -8. Suppose -b - 14 = -2*g, q*g + 0*b = -3*b + 3. Suppose 2*i = -g*v + 14, 2*i - 5*v + 4 = -i. What is the units digit of i?
2
Let y(k) = -k**3 - 7*k**2 + 7*k - 2. Let c be y(-8). Let f be -3*(12/(-9))/4. Let t = c + f. What is the units digit of t?
7
Suppose -1 = v - 4. What is the units digit of ((-1)/v)/(2/(-162))?
7
Let l(h) = -11*h - 39. What is the tens digit of l(-24)?
2
Let z(t) = -3*t - 4. Let b = 11 + 1. Let g = 7 - b. What is the tens digit of z(g)?
1
Let o be (4/(-3))/((-2)/(-6)). What is the units digit of (-1)/o - (-38)/8?
5
What is the hundreds digit of (2 - 4/(-4))*(-130)/(-3)?
1
Let b(c) = 2*c**2 + 8*c - 5. What is the units digit of b(-7)?
7
Let b(s) = s**2 + 13*s + 16. What is the units digit of b(-13)?
6
Let c(j) = -j + 9. Let l(u) = -u - 1. Let t(a) = -c(a) + 4*l(a). What is the units digit of t(-10)?
7
Suppose -24 = -0*c + 3*c. Let k = 15 + c. What is the units digit of k?
7
Let q(u) = -u - 8. Let a be q(-6). Let p = a + 8. What is the units digit of p?
6
Suppose 0*w - 8 = -4*w. Let t = 6 - w. Suppose -3 = -t*m + 13. What is the units digit of m?
4
Suppose 0*i - 4 = -2*i, -3*k - i - 58 = 0. Let q = k - -33. What is the units digit of q?
3
Let w(p) be the second derivative of p**4/6 - p**3/3 + p**2 - p. What is the units digit of w(2)?
6
Let c(o) = -o**3 + 2*o**2 + 7*o - 5. Let m be c(4). Let l = 12 + m. What is the units digit of l?
3
Suppose -47 = -3*n + 91. What is the units digit of n?
6
Suppose -18 = -k + 3*j + 13, 4*k - 192 = -5*j. What is the units digit of k?
3
Suppose 82 = -7*y + 2*y - 2*v, -5*y = -v + 79. Let o = y + 22. What is the units digit of o?
6
Let v(n) = -n**2 + 3*n + 49. What is the units digit of v(0)?
9
Let j(u) be the first derivative of -u**2/2 + 7*u - 1. Let a = 15 + -10. What is the units digit of j(a)?
2
Let t(v) = v + 12. Let z be t(-5). Let y = -5 + z. Suppose -y*p = 3*p - 35. What is the units digit of p?
7
Let v = -13 + 23. Let j = v - -23. What is the tens digit of j?
3
Let q be 86/(-10) + 18/30. Let x(l) = l**2 + 7*l + 1. What is the units digit of x(q)?
9
Suppose 2*r + 1 = 19. Suppose 0 = 6*d - r*d + 63. What is the units digit of d?
1
Suppose -d - 4*i = 3*d - 332, -5*d + 415 = 4*i. What is the units digit of d?
3
Let m(h) = 4*h**3 + 2*h**2 - h. Suppose -4*b + 3*x - 6 = -b, -4*b + 3*x - 5 = 0. Let p be m(b). Let s = p + 3. What is the units digit of s?
8
Suppose 16 = 5*s - 9. Suppose -5*r - s = 5*y, -r + 19 = -3*y - 0*y. What is the units digit of r?
4
Suppose 0 = 2*b + 4*u - 658, -3*b + 0*u + 2*u = -1011. What is the tens digit of b?
3
What is the tens digit of (-12)/(-15) + (-1542)/(-10)?
5
Let m be (-48)/(-15) + (-2)/10. Suppose 3*z + 0*z = -m*x + 81, -4*z = -x - 133. What is the tens digit of z?
3
Let r(k) = -k**3 - 12*k**2 + 11*k + 1. Let y(m) = -m**2 + 8*m + 7. Let j be y(10). What is the tens digit of r(j)?
2
Let i = -141 + 205. What is the tens digit of i?
6
Let i(q) = -q**3 + 11*q**2 - 11*q - 4. Let d be i(9). Suppose 16 + d = 5*n. What is the tens digit of n?
1
Let b = 29 - 2. What is the units digit of 6/b - (-104)/18?
6
Let k(s) = -1. Let y(o) = -2*o - 6. Let q(x) = 2*k(x) - y(x). What is the tens digit of q(3)?
1
Let k(i) = i**2 + 10*i + 1. Let f be k(-5). Let w = -10 - f. What is the tens digit of w?
1
Let v = 155 + -89. What is the units digit of v?
6
Let q = -197 + 330. What is the units digit of q?
3
Suppose -4*p = -2*x + 4, 5*x - 5*p + 3 + 7 = 0. Let b(r) = -r**3 - 6*r**2 - 2*r + 1. What is the tens digit of b(x)?
1
Suppose -8 - 40 = -k. What is the tens digit of k?
4
Suppose 0 = -3*y + 29 + 31. What is the units digit of y?
0
Let o(j) = -2*j + 2. Let c be o(5). Let k = 4 - c. Suppose 3*d = d + k. What is the units digit of d?
6
Suppose 0*r + 2*r + 72 = 0. What is the units digit of 9/(-4*3/r)?
7
Suppose -3*l - 3*l + 426 = 0. What is the units digit of l?
1
Let q(k) = -k**3 - 7*k**2 + 9*k + 11. Let u be q(-8). Suppose -u*g - 2*h + 0*h = -55, 3*g = -h + 53. What is the tens digit of g?
1
Let p(a) = 67*a + 13. Let o(w) = 33*w + 6. Let r(z) = -7*o(z) + 3*p(z). What is the tens digit of r(-1)?
2
Let a(v) = -v + 9. Let t be a(4). Suppose 91 = t*q - 84. What is the tens digit of q?
3
Let q = 41 + -29. Suppose 0*r = -2*r. Suppose r = -t - t + q. What is the units digit of t?
6
Suppose 2 - 17 = -5*n. Suppose 13 = n*h - 5*p, p + 2*p = -2*h - 4. What is the units digit of h?
1
Let k be (-166)/(-5) + 3/(-15). Suppose -2*a + k = -19. What is the units digit of a?
6
Suppose 4*w + 0*w + j - 163 = 0, w - 17 = -5*j. What is the units digit of w?
2
Suppose -3*n - 25 + 70 = 0. Let m = 39 - n. What is the units digit of m?
4
Let t = 27 + 1. What is the units digit of t?
8
Let m = -15 - 76. Let d = -65 - m. Suppose z + d = 3*c, 2*z - 3*z = -5*c + 40. What is the units digit of c?
7
Suppose 6*s = 7*s - 28. What is the units digit of s?
8
Let j(a) = 4*a + 6. Let n be j(-6). What is the units digit of (n/15)/1*-5?
6
Suppose -7 = -5*s - 2. Let d(h) = 20*h**2 + h - 1. What is the tens digit of d(s)?
2
Let f(b) = -8*b + 24. What is the units digit of f(2)?
8
What is the units digit of (7/(-21))/(1/(-27))?
9
Let a(h) = -h**3 + 3*h**2 + 6*h - 4. Suppose m + 4 = -4*o, 3*m + o = -0*m + 10. What is the units digit of a(m)?
4
Let f = -145 - -323. What is the hundreds digit of f?
1
Let x(o) = -o**2 + 7*o + 3. Let r be x(7). Let t = -2 + r. Suppose 5*j + t = 11. What is the units digit of j?
2
Let m = -11 + 11. Suppose m = 18*r - 17*r - 16. What is the tens digit of r?
1
Let v be 2/7 - (-120)/70. What is the units digit of (1/(-1))/(v/(-20))?
0
Let n = -1 + 6. Suppose -n*t + 40 = -110. Suppose 3*r + 17 = 5*c + r, 2*c - t = -5*r. What is the units digit of c?
5
Let j(p) = -p**3 + 2*p**2 + p + 1. Let i be j(3). Let w = 23 - i. What is the units digit of w?
8
Suppose 0*a = -a + 4*i + 48, -5*i + 93 = 3*a. What is the units digit of a?
6
Supp